{"id":148,"date":"2025-05-03T00:18:40","date_gmt":"2025-05-02T22:18:40","guid":{"rendered":"https:\/\/dualtradeec.com\/?post_type=product&#038;p=148"},"modified":"2025-05-22T22:16:56","modified_gmt":"2025-05-22T20:16:56","slug":"peluche-bubu-y-dudu","status":"publish","type":"product","link":"https:\/\/dualtradeec.com\/?product=peluche-bubu-y-dudu","title":{"rendered":"Peluche Bubu y Dudu"},"content":{"rendered":"<p class=\"\" data-start=\"580\" data-end=\"818\">\u00a1La ternura se duplica con esta incre\u00edble pareja!<br data-start=\"629\" data-end=\"632\" \/>BUBU y DUDU no solo destacan por su dise\u00f1o divertido y moderno, sino tambi\u00e9n por su calidad de fabricaci\u00f3n. Est\u00e1n hechos con materiales suaves al tacto, resistentes y seguros para ni\u00f1os.<\/p>\n<p class=\"\" data-start=\"820\" data-end=\"837\">Cada uno incluye:<\/p>\n<ul data-start=\"838\" data-end=\"949\">\n<li class=\"\" data-start=\"838\" data-end=\"862\">\n<p class=\"\" data-start=\"840\" data-end=\"862\">\ud83e\udde2 <strong data-start=\"843\" data-end=\"862\">Gorra ajustable<\/strong><\/p>\n<\/li>\n<li class=\"\" data-start=\"863\" data-end=\"892\">\n<p class=\"\" data-start=\"865\" data-end=\"892\">\ud83c\udf92 <strong data-start=\"868\" data-end=\"892\">Mochila mini de tela<\/strong><\/p>\n<\/li>\n<li class=\"\" data-start=\"893\" data-end=\"949\">\n<p class=\"\" data-start=\"895\" data-end=\"949\">\ud83d\udc69\u200d\u2764\ufe0f\u200d\ud83d\udc68 Se venden siempre juntos (pareja inseparable)<\/p>\n<\/li>\n<\/ul>\n<p class=\"\" data-start=\"951\" data-end=\"977\">Disponible en dos tama\u00f1os:<\/p>\n<ul data-start=\"978\" data-end=\"1035\">\n<li class=\"\" data-start=\"978\" data-end=\"1007\">\n<p class=\"\" data-start=\"980\" data-end=\"1007\"><strong data-start=\"980\" data-end=\"989\">20 cm<\/strong> \u2013 $23 la pareja<\/p>\n<\/li>\n<li class=\"\" data-start=\"1008\" data-end=\"1035\">\n<p class=\"\" data-start=\"1010\" data-end=\"1035\"><strong data-start=\"1010\" data-end=\"1019\">32 cm<\/strong> \u2013 $45 la pareja<\/p>\n<\/li>\n<\/ul>\n<p class=\"\" data-start=\"1037\" data-end=\"1052\">Perfectos para:<\/p>\n<ul data-start=\"1053\" data-end=\"1192\">\n<li class=\"\" data-start=\"1053\" data-end=\"1115\">\n<p class=\"\" data-start=\"1055\" data-end=\"1115\">Regalar en cumplea\u00f1os, aniversarios o fechas especiales \ud83c\udf81<\/p>\n<\/li>\n<li class=\"\" data-start=\"1116\" data-end=\"1157\">\n<p class=\"\" data-start=\"1118\" data-end=\"1157\">Coleccionar y decorar tu habitaci\u00f3n \u2728<\/p>\n<\/li>\n<li class=\"\" data-start=\"1158\" data-end=\"1192\">\n<p class=\"\" data-start=\"1160\" data-end=\"1192\">Sorprender a alguien especial \u2764\ufe0f<\/p>\n<\/li>\n<\/ul>\n<p class=\"\" data-start=\"1194\" data-end=\"1262\">\ud83d\udcac \u00bfTienes dudas? \u00a1Cont\u00e1ctanos por WhatsApp y te ayudamos enseguida!<\/p>\n","protected":false},"excerpt":{"rendered":"<p>\u00a1Conoce a BUBU y DUDU! Estos adorables peluches vienen en pareja e incluyen mochila y gorrita. Suaves, tiernos y con detalles \u00fanicos, son el regalo perfecto para grandes y chicos.<\/p>\n","protected":false},"featured_media":149,"template":"","meta":[],"product_brand":[],"product_cat":[19],"product_tag":[21,23,22,20],"class_list":{"0":"post-148","1":"product","2":"type-product","3":"status-publish","4":"has-post-thumbnail","6":"product_cat-juguetes-y-regalos","7":"product_tag-bubu","8":"product_tag-bubu-y-dudu","9":"product_tag-dudu","10":"product_tag-peluches","12":"first","13":"instock","14":"sale","15":"taxable","16":"shipping-taxable","17":"purchasable","18":"product-type-variable"},"_links":{"self":[{"href":"https:\/\/dualtradeec.com\/index.php?rest_route=\/wp\/v2\/product\/148","targetHints":{"allow":["GET"]}}],"collection":[{"href":"https:\/\/dualtradeec.com\/index.php?rest_route=\/wp\/v2\/product"}],"about":[{"href":"https:\/\/dualtradeec.com\/index.php?rest_route=\/wp\/v2\/types\/product"}],"wp:featuredmedia":[{"embeddable":true,"href":"https:\/\/dualtradeec.com\/index.php?rest_route=\/wp\/v2\/media\/149"}],"wp:attachment":[{"href":"https:\/\/dualtradeec.com\/index.php?rest_route=%2Fwp%2Fv2%2Fmedia&parent=148"}],"wp:term":[{"taxonomy":"product_brand","embeddable":true,"href":"https:\/\/dualtradeec.com\/index.php?rest_route=%2Fwp%2Fv2%2Fproduct_brand&post=148"},{"taxonomy":"product_cat","embeddable":true,"href":"https:\/\/dualtradeec.com\/index.php?rest_route=%2Fwp%2Fv2%2Fproduct_cat&post=148"},{"taxonomy":"product_tag","embeddable":true,"href":"https:\/\/dualtradeec.com\/index.php?rest_route=%2Fwp%2Fv2%2Fproduct_tag&post=148"}],"curies":[{"name":"wp","href":"https:\/\/api.w.org\/{rel}","templated":true}]}}